nd derivative of 13/6*v**3 - 1/12*v**4 + 0 - 3*v**2 + 6*v. List the prime factors of f(11).
2
Suppose -15 = 5*j - 5*i, 19 + 6 = 5*i. What are the prime factors of ((-1125)/10 - (-3)/j)*-1?
3, 37
Let w = 672 - 248. List the prime factors of w.
2, 53
Suppose 0 = -w - 5*w + 84. Suppose 0 = x - 32 - w. Suppose 0 = -5*h + 111 - x. What are the prime factors of h?
13
List the prime factors of (733 + 3/((-18)/12))*1.
17, 43
Let a = 748 + -268. What are the prime factors of a?
2, 3, 5
List the prime factors of (-427)/(-13) + -1 + (-56)/(-364).
2
Let z be (-2 - (2 + -10)) + -1. Suppose 15 = z*b - 85. Suppose -4*d = -b - 52. List the prime factors of d.
2, 3
Let u(o) = -o**2 - 7*o - 5. Let q be u(-6). Let c be 6 + (q - (-9)/(-3)). Suppose -c*r = -2*d - 76, -5*d - 92 = -5*r - 4*d. What are the prime factors of r?
2, 3
Let b(k) = k**3 - 11*k**2 - 11*k - 15. Let c be b(12). Let x be (8/(-10))/(c/645). Suppose 2*t = f - 0*f + 80, 4*t = 5*f + x. What are the prime factors of t?
2, 19
Let t(c) = c - 2. Let i(m) = -m**2 - 7*m + 1. Let o be i(-7). Let l(n) = 1. Let x(r) = o*t(r) - 2*l(r). List the prime factors of x(14).
2, 5
Let l = -325 - -688. What are the prime factors of l?
3, 11
Let j(w) = -17*w - 18. Let q be j(-1). Suppose -3*b = b - 4. What are the prime factors of (-11 - 0)*q + b?
2, 3
Let c(p) = 8*p - 13 - 8*p + 3*p + 7*p. What are the prime factors of c(25)?
3, 79
Suppose 0 = -4*l + 12 - 4. Suppose -l*x - g - 2*g + 141 = 0, 3*g + 9 = 0. List the prime factors of x.
3, 5
List the prime factors of (-4881)/(-6) - (5 - 11/2).
2, 11, 37
Let x(c) = c**3 - 40*c**2 + 83*c - 31. List the prime factors of x(38).
5, 47
Let n(d) = 8*d**2 - 20*d - 8. What are the prime factors of n(-3)?
2, 31
Suppose 2*a - 10 = 7*a. Let y(t) = -63*t + 10. What are the prime factors of y(a)?
2, 17
Let w be (-1)/((-4)/(-12)) + -1050. What are the prime factors of (-2)/4 + w/(-6)?
5, 7
List the prime factors of (258 + 0)*(-75)/(-30).
3, 5, 43
Let g be (18 - -2)*12/15. Suppose -g = -3*t + 170. What are the prime factors of t?
2, 31
Suppose r + 7 = -n - 3*r, -12 = 4*r. Suppose n*h - 434 = -79. What are the prime factors of h?
71
Let q(s) = 3*s + 12. Let b be ((-55)/44)/(2/(-16)). Let p be q(b). Suppose 4*n - f - 24 = 3*f, p = 5*n - 2*f. What are the prime factors of n?
2, 5
Let k = -110 - -198. List the prime factors of k.
2, 11
Let v(y) = 23*y - 135. List the prime factors of v(48).
3, 17, 19
Let h(p) = 159*p**3 + 5*p**2 - 16*p + 19. What are the prime factors of h(2)?
1279
Let h(l) = -2*l + 21 + l**2 - 24 + 5*l. What are the prime factors of h(5)?
37
Let l be 2/4 + (-117)/(-26). Suppose f - l*f + 448 = 0. What are the prime factors of f?
2, 7
Let o = 52 + -54. List the prime factors of 0 + -386*1/o.
193
Let u be ((2 - 5) + 3)/2. Suppose 234 = 3*j + 5*r, 5*j - 3*j + 5*r - 151 = u. What are the prime factors of j/2 - (-1)/2?
2, 3, 7
Suppose 6*p - 1133 - 565 = 0. List the prime factors of p.
283
Suppose 3*b + 1207 = 9319. List the prime factors of b.
2, 13
Let z be (-76839)/(-168) + 6/(-16). Let m = z + -320. What are the prime factors of m?
137
What are the prime factors of (669/(-2))/(4 - 9/2)?
3, 223
Let v be (252/(-24))/((-1)/(-2)). Let q = v + 27. List the prime factors of q.
2, 3
Let p(w) = -33*w - 5. Let q be p(-2). List the prime factors of q - (10 + -4 + -2).
3, 19
Suppose 5*p - 5*d + 65 = 0, -3*p = -d + 4*d + 9. Let l(r) = r**3 + 8*r**2 - r + 4. List the prime factors of l(p).
2, 3
Suppose 16 - 6 = 2*v. Suppose -296 = -2*u + 4*y, -v*y - 9 - 16 = 0. What are the prime factors of u?
2, 3, 23
Suppose 0 = -g + 34 - 18. Suppose g*a = 10*a + 186. What are the prime factors of a?
31
Let z(g) = -28*g + 1. Suppose 0 = 10*p - 3*p + 35. List the prime factors of z(p).
3, 47
Suppose -4*u - 2242 = -4*y - 622, 2*y - 400 = u. Let z = 577 + u. List the prime factors of z.
167
Let z = 801 + -475. What are the prime factors of z?
2, 163
Let c = 189 - 112. Suppose 5 = p, 0 = -3*h - 2*p + c + 152. What are the prime factors of h?
73
Let y = -9 - -11. Suppose -5*g + 975 = 4*z, -y*g + g - 5*z = -174. List the prime factors of g.
199
Let l = 37 - 59. Let m be (l/(-2) - -2)*1. Let i = 22 - m. List the prime factors of i.
3
Suppose -4*t = c - 0*t - 126, 5*c - 672 = t. What are the prime factors of c?
2, 67
Let c = 0 + 12. Let q = c - -1. What are the prime factors of q?
13
Suppose 5*m = -3*d + 3537, 3*m + 1052 - 3179 = -3*d. List the prime factors of m.
3, 5, 47
Let z(s) = 3*s**2 + 39*s - 52. What are the prime factors of z(-15)?
2, 19
Let u = -2454 - -4833. List the prime factors of u.
3, 13, 61
Suppose 0 = -5*b + 5*g + 15, 0*b - 4*b = 3*g + 2. List the prime factors of 2 + b - (-20 + 1).
2, 11
List the prime factors of (419 - -2) + 19 + -24.
2, 13
Let d = 52 - 74. List the prime factors of d/(-4)*(2 + 0).
11
Let s(r) = 5*r - 13. Let m be s(3). Suppose 5*u - u - 286 = -2*h, m*u = 2*h - 256. What are the prime factors of h?
7, 19
List the prime factors of -3*2*(-2516)/17.
2, 3, 37
Let h(u) = u**3 + 8*u**2 + 3*u + 1. Let k be h(-3). Let g be (-1 - -11)*(-6)/4*-5. Suppose -y + g = 4*s, 2*s - 4*y = -5*y + k. List the prime factors of s.
19
Suppose -5*t - 3*t + 208 = 0. Let r = -21 + t. List the prime factors of -3*27/(-15)*r.
3
Suppose 6*b + 33*b = 22932. What are the prime factors of b?
2, 3, 7
Let f = 1132 + 827. What are the prime factors of f?
3, 653
Suppose 2*i - 77 - 1219 = 0. List the prime factors of i.
2, 3
Let p be (-7983)/(-27) + -5 - 2/3. Let v = 502 - p. What are the prime factors of v?
2, 53
Let c(v) = 7*v + 21. List the prime factors of c(5).
2, 7
Suppose 14*l + 4984 - 13328 = 0. List the prime factors of l.
2, 149
What are the prime factors of ((-25)/(-55))/(-5) + 21760/22?
23, 43
Let i(o) = -33*o - 66. Let j be i(-19). Let d = 812 - j. What are the prime factors of d?
251
Let u = 525 + -481. List the prime factors of u.
2, 11
Suppose -3*t - 7 + 47 = 5*a, 0 = -t + a + 8. Let v(c) = t - 1 + c + 1. List the prime factors of v(0).
2, 5
Let h(v) = -2*v**2 - 78*v - 17. List the prime factors of h(-27).
631
Let g(h) = -h**2 - 12*h + 12. Let t be g(-13). What are the prime factors of t + 5 + 348/12?
3, 11
Let d = 1264 - 459. List the prime factors of d.
5, 7, 23
Suppose -2*x - 2184 = -4*r - 108, x = -r + 513. List the prime factors of r.
11, 47
Let s = 507 + -362. List the prime factors of s.
5, 29
Suppose 16 - 18 = -h. Suppose 0 = -3*k + h*c + 123, -3*c - 82 = -2*k - 6*c. List the prime factors of k.
41
Let m = -1300 + 2960. What are the prime factors of m?
2, 5, 83
Suppose 11 = -3*u - d, 0*u - 2 = 4*u - 5*d. Let j = 40 - u. List the prime factors of j.
43
Suppose 4*o = -5*d + 894 + 1529, -5*d = 2*o - 2429. What are the prime factors of d?
487
Suppose 2 = -t + 19. Suppose 0 = -2*g + 5 + t. Let v = 15 + g. What are the prime factors of v?
2, 13
Let v = -13 - -16. Let q be 1/v - (-168)/9. Let n = -16 + q. What are the prime factors of n?
3
Let l be (-3)/6 + (-2031)/(-6). Let z be 1*(l + -4) - -1. Suppose 0 = 7*b - 2*b - z. What are the prime factors of b?
67
Let p(k) = -12*k + 205. List the prime factors of p(0).
5, 41
Let y(b) = 9*b**2 - 21*b + 1. List the prime factors of y(14).
1471
Let v = -6 - -13. Let h = 16 + -14. Suppose v*b = h*b + 95. What are the prime factors of b?
19
Suppose -2*l = 3 + 17. Let q = l + 67. What are the prime factors of q?
3, 19
Suppose 59 = -7*k + 262. Let g = 32 + k. What are the prime factors of g?
61
List the prime factors of (-5 - -4)/1 + 0 - -887.
2, 443
Let t(f) = 23*f - 26. Let a be t(7). Suppose -4*k + r + 625 = 0, 2*k - a = -r + 170. List the prime factors of k.
5, 31
Let l(t) = -2*t**3 - 24*t**2 - 5*t - 228. List the prime factors of l(-18).
2, 3, 5
Suppose 6*d = d + 100. Suppose -a + d = 4*a, 5*s + 5*a = 35. Suppose 5 = -l - 2*b, s*l + l + 3*b - 5 = 0. What are the prime factors of l?
5
Let s(k) = -8*k + 23. Let x be s(6). Let c = 127 + x. List the prime factors of c.
2, 3, 17
Let g be (14/35)/((-8)/(-10))*0. List the prime factors of 520/6 + (g - -6)/18.
3, 29
Suppose 3*z = -3*h + 27, 3*z + h = -h + 28. Suppose -z*p + 307 = -2373. What are the prime factors of p?
2, 67
Suppose 23994 = 50*t - 19*t. List the prime factors of t.
2, 3, 43
Let c be (13 + 1)/((-18)/(-63)). Let f = 70 + c. What are the prime factors of f?
7, 17
Let b(g) = 4*g**2 - 14. List